uppose -3*s - 5*r = -34, 4*s + 2*r = 21 + 29. Suppose s*m - 1816 = -386. List the prime factors of m.
2, 5, 11
Let s be -3 + 15 + -4 + 2. Suppose 0 = -2*a - 5*x + 21, -3*x + x + s = a. What are the prime factors of a?
2
Let b(w) be the second derivative of w**4/12 + 3*w**3/2 + 19*w**2/2 + 2*w. List the prime factors of b(-9).
19
Suppose 3*g + 5*h + 31 = -37, h = 2*g + 28. Let b = 43 - 71. Let v = g - b. List the prime factors of v.
2, 3
Let y(n) = 6*n**3 - 3*n**2 + 3*n. Let w be (2/6)/(5/30). What are the prime factors of y(w)?
2, 3, 7
Let z(i) = -3*i**2 - 8*i + 9. Let m be z(-10). Let q = m + 295. What are the prime factors of (9*-1)/((-12)/q)?
3, 7
Let m = 0 - -174. Suppose 0 = y - m - 101. List the prime factors of y.
5, 11
Suppose -21*t + 41349 = -0*t. List the prime factors of t.
11, 179
Let w(u) = u**2 + u - 2. Let a be w(2). Suppose 0 = -3*y - 2*q + 163, a*y - 5*q - 179 = -0*q. List the prime factors of y.
3, 17
Suppose -30*o - 4 = -34*o. What are the prime factors of (0/5 - -1)*(o + 14)?
3, 5
List the prime factors of (-84670)/(-40) - 1/(-4) - -3.
2, 5, 53
Suppose 20*u - 18*u - 1628 = 0. What are the prime factors of u?
2, 11, 37
Let x(p) = 10*p**2 - 127*p - 18. List the prime factors of x(27).
3, 7, 61
Suppose -2*i - 2 = 2, -2*i - 28 = 4*n. List the prime factors of n/(8/63*18/(-24)).
3, 7
Suppose 2*r - 1498 = -2*i, 4*i - 3*r = 2963 + 19. What are the prime factors of i?
3, 83
Let r(g) = 72*g + 377. What are the prime factors of r(42)?
19, 179
What are the prime factors of 3/(6/17030*5)?
13, 131
Let z(m) = 2*m**3 - 3*m**2 - 5*m + 6. Let k be -8*((-15)/(-6))/(-5). List the prime factors of z(k).
2, 3, 11
Let n = 155 + 601. What are the prime factors of n?
2, 3, 7
Suppose -2*l + u + u = 42, 2*l = -5*u - 7. Let m = l + 21. List the prime factors of m/((-15)/(-57)) + -4.
3, 5
Let a = 76 - 144. List the prime factors of (-4)/12 + a/(-6) + 1.
2, 3
Suppose p + 3 = 2*p - x, -24 = -4*p + x. Suppose -3 = -2*a + p. Suppose -174 = -a*j + 11. List the prime factors of j.
37
Let m = 52 - 59. List the prime factors of (81/m + -3)*1*-7.
2, 3, 17
Let q = 3 - 2. Let w = q + 1. Suppose 3*p - w*y - 83 = -2*p, 3*y - 3 = -p. List the prime factors of p.
3, 5
Let l(j) be the third derivative of j**6/60 + j**5/60 + j**4/24 - 2*j**3 + 9*j**2. Let u(q) be the first derivative of l(q). List the prime factors of u(-3).
7
Let n be (8/(-10))/((-4)/10). Suppose -s + 17 = 4*b, -7 + n = -5*b + 2*s. Suppose 2*h + 3*u - 114 = -b*h, -78 = -3*h - 5*u. List the prime factors of h.
3, 7
Suppose -4*w - 4 - 8 = 0. Let l(x) = -2*x + 82. Let q(m) = -m + 1. Let j(s) = w*q(s) + l(s). What are the prime factors of j(0)?
79
Let d(p) = -p**3 - p. Suppose -4*h - 15 = -9*h. Let n(c) = -c**3 + 2*c**2 - 9*c - 7. Let o(x) = h*d(x) - n(x). List the prime factors of o(-4).
79
Let u = 451 + -133. What are the prime factors of u?
2, 3, 53
Let q be (-8)/10*(-6 + 1). Suppose -3*t - 9 = 0, -6*r + r = -3*t - 474. Suppose q*s - 229 = -r. List the prime factors of s.
2, 17
Suppose -5*w = 2*j - 3130, 4*j - 626 = -w - 0*j. What are the prime factors of w?
2, 313
Let g(p) = p**3 + 28. Let h = -10 - -10. Let v be g(h). Suppose -l = -2*l + v. What are the prime factors of l?
2, 7
Suppose -1050 = -2*r - 2*s, -5*r = -0*r - 4*s - 2652. What are the prime factors of 1/2*r/4?
2, 3, 11
Let z = -227 + 707. Suppose 640 = 4*q - 4*f, q - 4*q + 2*f + z = 0. List the prime factors of q.
2, 5
Let v be (10 + -1)*(1 - 0). Suppose -c = -v*c + 168. List the prime factors of c.
3, 7
Let u be 69/(-2)*-2 + 3. Let f = 74 - u. List the prime factors of f.
2
Let h(u) = -3*u**2 - 4*u - 34. Let j(b) = 5*b**2 + 9*b + 69. Let i(m) = -7*h(m) - 4*j(m). List the prime factors of i(14).
2, 23
Let g be 8/24 - 56/6. Let c(i) = -i**3 - 9*i**2 - 7*i + 2. List the prime factors of c(g).
5, 13
Let a = -66 - -354. What are the prime factors of a?
2, 3
Let w(s) = -8*s - 66. Let l be w(-25). Let b = l + -69. List the prime factors of b.
5, 13
Suppose 0 = 7*c - 9*c - 20. List the prime factors of 2/(c/(-15)) + 57.
2, 3, 5
Suppose 2*n - 10654 = -12*n. Let r = n + -522. What are the prime factors of r?
239
Suppose -17 = -4*s - 5. Suppose 143 = 2*n - 0*b + 5*b, 4*b + 157 = s*n. What are the prime factors of n?
59
Suppose -16*v = 35*v - 64923. List the prime factors of v.
19, 67
Let u = 59 - 39. List the prime factors of 12/(-20) - (-2752)/u.
137
Let w(f) = 4*f + 20. Let i be w(-8). Let x(n) = -7*n. Let p be x(i). Suppose p = 4*b - 5*h - 118, 3*h + 102 = 2*b. List the prime factors of b.
2, 3
Suppose -4*n - n = -p + 1280, -2*p + 2*n + 2560 = 0. Suppose 0 = -9*q - 461 + p. List the prime factors of q.
7, 13
Suppose 18*j - 836 - 1792 = 0. What are the prime factors of j?
2, 73
Let q(h) = -10*h - 1. Suppose 6*m + 12 + 36 = 0. What are the prime factors of q(m)?
79
Let s(r) = -r**2 + 13*r. Suppose 3*c = -5*y + 47, -y - 4*c = -5 - 1. Let n be s(y). Suppose 2*q - q = n. What are the prime factors of q?
2, 3, 5
Let y = 67 - 48. Let s = y - 19. Let g(q) = q**3 + q**2 - q + 39. List the prime factors of g(s).
3, 13
Let v(t) = 9*t**2 + 68*t - 12. List the prime factors of v(9).
3, 443
Let m = -435 - -1432. What are the prime factors of m?
997
Suppose -7140 = 369*f - 381*f. List the prime factors of f.
5, 7, 17
Let d(x) be the third derivative of x**6/120 + x**5/12 - x**4/3 + 9*x**2. List the prime factors of d(-4).
2, 3
Suppose -9*s = -359 + 8. Suppose s = 5*y - 1. What are the prime factors of y?
2
Let u(y) = -y**3 + 8*y**2 - 8*y - 4. Suppose -4*w - 5*r + 24 = 0, r - 18 = -3*w - r. List the prime factors of u(w).
2, 5
Let k = 16 - 15. Suppose -4*a + 4 + 1 = -m, -m + a + k = 0. Suppose 0 = 9*o - m*o - 222. List the prime factors of o.
37
Suppose -5*f = -10*f + 7105. Suppose -5*u + 3*k + f = 0, 2*k = -0*u - u + 279. List the prime factors of u.
283
Let j be ((-1041)/(-3))/((-5)/(-15)). Let k = -257 + j. What are the prime factors of (-2)/15 + k/30?
2, 13
Suppose -3*z = -2*k - 6, -3*k = -3*z - z + 7. Suppose 163 = t - k*j, 2*t - 181 = 5*j + 144. List the prime factors of t.
2, 5
What are the prime factors of 9*(-38216)/(-120) - (-2)/(-10)?
2, 1433
Let w = 1896 + -1345. List the prime factors of w.
19, 29
Let a = -172 - -255. List the prime factors of a.
83
Suppose 3*k - 5*k + 6 = 0. Suppose k*m - 42 - 180 = 0. List the prime factors of m.
2, 37
Let c(i) = -i**2 + 7*i + 26. Let j be c(-7). Let x be (-3*1 - -2) + -154. Let t = j - x. List the prime factors of t.
83
Suppose 0 = 6*j - 9 + 3. List the prime factors of 3 + -5 + j + 8.
7
Let d be (-45)/15*8/6. Let w be 7/(5 - d/(-1)). Suppose 81 = w*y - 283. List the prime factors of y.
2, 13
Let h(r) be the third derivative of r**5/60 - 5*r**4/24 - r**3 - 5*r**2. What are the prime factors of h(11)?
2, 3, 5
What are the prime factors of (29 + -11)*(3 - (-106)/4)?
3, 59
Let g = -386 - -156. Let a = g + 326. List the prime factors of a.
2, 3
Suppose -2*l - 7 = -5*i, 6 = 2*l - 2. Suppose -i*v + 2 = -2*v. Suppose z + 29 = 4*q, 1 = -2*q - 3*z - v. List the prime factors of q.
2, 3
Let q = 2748 - 858. List the prime factors of q.
2, 3, 5, 7
Suppose -4*k + 36 = -k. Suppose -3*r - 120 - k = 0. Let t = r + 112. List the prime factors of t.
2, 17
Let q = 588 + -546. Let k = -10 + 7. Let y = q + k. List the prime factors of y.
3, 13
Let g be ((-20)/5)/(2/(-3)). Suppose -g*z = -701 + 215. List the prime factors of z.
3
Suppose 0 = 4*b + 19 + 9. List the prime factors of 1/b + 3362/14.
2, 3, 5
List the prime factors of 310/75*159 + 1/(-5).
3, 73
Let i(b) = b - 1. Let u(c) = c**2 - 16*c + 47. Let z(a) = -6*i(a) + u(a). What are the prime factors of z(22)?
53
Suppose -176 = -3*d + 514. List the prime factors of 7/(-42) - d/(-12).
19
Suppose -6*g + 25 = -g. Let a = -41 - g. List the prime factors of a/(1 + (2 - 5)).
23
Let w = -110 + 267. List the prime factors of w.
157
Suppose 2*v + 9 = 43. Let c = -4 - v. List the prime factors of -1 + (0 - 1 - c).
19
Suppose 2*v = y - 1286, -40*y + 45*y - 5*v = 6410. List the prime factors of y.
2, 3, 71
Let d = -25 - -9. Let x = 14 - 13. List the prime factors of 1/(x - d/(-17)).
17
Let s = 1049 - 4754. List the prime factors of s/(-18) + 5/(180/6).
2, 103
Let g(b) be the third derivative of b**6/24 + b**4/6 - 5*b**3/6 + 35*b**2. List the prime factors of g(3).
2, 71
What are the prime